 1 + 9 = 0. Let j(k) = 0*k + 4*k**2 - 3*k - 4 - 3*k**2. What are the prime factors of j(c)?
2, 3
Let m = 2 + 3. Suppose 4*z + 12 = 4*r, -m*r = z - 11 - 4. Let y(o) = o + 2. List the prime factors of y(z).
2
Let p = -5 + 34. Suppose 5*g + 33 = -62. Let h = p + g. List the prime factors of h.
2, 5
Let k(i) = 2*i**3 + 1. Let c be k(1). Suppose 5*d - 18 = l, c*l + 4*d = 2*l + 18. Suppose -b = l*b - 24. List the prime factors of b.
2
Let x be (5 + -2)/(6/176). Let n = -49 + x. Suppose -n - 17 = -4*l. What are the prime factors of l?
2, 7
Let j(u) = 3*u + 6 - 19 + 4*u. What are the prime factors of j(8)?
43
Suppose 3*b - 14 - 4 = 0. Suppose 2*o - 24 = -5*y, 5*o + y - b - 8 = 0. What are the prime factors of (o + (-2)/3)*3?
2
Let x(f) = -6*f + 20. List the prime factors of x(0).
2, 5
List the prime factors of 206 - ((-5)/(-5) + -1).
2, 103
Let r(s) = -10*s + 9. What are the prime factors of r(-11)?
7, 17
Let j be (-2 - -25) + -2 + 1. Let p = 34 - j. What are the prime factors of p?
2, 3
Let t = 16 - 3. List the prime factors of t.
13
Suppose 13*v + 549 = 3955. What are the prime factors of v?
2, 131
Let x(k) = 4*k**2 + 19*k. What are the prime factors of x(-9)?
3, 17
Suppose -2*u + 9 = u. Let l be u + 3 - 0 - 3. Suppose -y + l + 13 = 0. List the prime factors of y.
2
Let x(d) = -d**3 - d**2 + 3*d + 3. Let h be x(-2). Let r(n) = 5*n + 4*n + 0 - 8*n**2 - h + n**3 - n. What are the prime factors of r(7)?
2, 3
Let l(p) = p**3 - p**2 + p + 9. Let t be l(0). Let m = t - -4. List the prime factors of m.
13
Let c be (-46)/(-14) + 2/(-7). Suppose c*u - 5 = 34. List the prime factors of u.
13
Let k = 37 - -2. List the prime factors of k.
3, 13
Let u(y) be the first derivative of -y**3/3 - y**2/2 + 28*y + 5. List the prime factors of u(0).
2, 7
Let v(d) be the third derivative of d**4/24 + 22*d**3/3 + 3*d**2. Let f be v(0). Suppose 0 = 3*n + n - f. What are the prime factors of n?
11
Suppose 0 = -2*g + 11 - 1. Let p = g + 8. What are the prime factors of p?
13
Let f = 13 - -23. What are the prime factors of f?
2, 3
Suppose 21 + 23 = -4*f. Let i = f + 16. List the prime factors of i.
5
Let m = 113 + -77. List the prime factors of 15/(-6)*m/(-10).
3
Let v(r) = -3*r + 6. List the prime factors of v(-10).
2, 3
Let v(f) = f**2 - f + 3. Let q(o) = o**3 - 6*o**2 + 5*o + 4. Let j be q(5). Let g be v(j). Suppose -2*c + 5*i = -3*c + 29, 3*i = g. List the prime factors of c.
2
Let l(t) = -61*t - 2. List the prime factors of l(-1).
59
List the prime factors of (7/(-14))/(3/(-1464)).
2, 61
Let u(k) = 5*k**2 - k + 9. What are the prime factors of u(3)?
3, 17
List the prime factors of 1/10*5*520.
2, 5, 13
Let a(c) = -c. Let m be a(-2). Suppose m = f - 6. List the prime factors of f.
2
Let p = -44 + 187. List the prime factors of p.
11, 13
Suppose 5 = -4*w - w, -5*w = -2*x + 13. Suppose -y - x = -3*y. What are the prime factors of 0/y - (-1 + -1)?
2
Let m(z) = z. Let k be m(-7). Let g = k + 7. Suppose g = -7*j + 2*j + 10, -5*v = j - 17. What are the prime factors of v?
3
Let o = -1 - -3. Suppose -2*s = 2*m, s - 4*m - 9 = -o*m. Suppose 5*x - 32 = -s*h - 6, x = -3*h + 34. What are the prime factors of h?
2, 3
Suppose -4*a - 4*u = -108, -a - 2 = -5*u + 1. List the prime factors of a.
2, 11
Let j be (-4)/(-14) + (-33)/(-7). Suppose 12 = j*m - 3. List the prime factors of m.
3
Let p(m) = 6*m**2 - 3*m + 0*m**2 + 0*m**2 + 3*m**3 - 2*m**3 + 7. Let y be p(-6). Let t = y - 13. List the prime factors of t.
2, 3
Let r(d) = -d**3 + d**2 - 6. Let q be r(0). Let i be q/((-9)/(-12)*-1). Suppose 5*m = -3*w + 31, 2*m - i = -w - 2*m. List the prime factors of w.
2, 3
Let w(z) = -z**3 - 3*z**2 + 8*z + 3. Let f be w(-5). Suppose 1 = 4*x + f. What are the prime factors of ((-2)/x)/((-1)/(-9))?
2, 3
Let h = 429 + -230. List the prime factors of h.
199
Let b = -9 + 5. Let o = -7 - b. Let m = 16 + o. List the prime factors of m.
13
Let f = -61 + 137. List the prime factors of f/8*2/1.
19
Let m = 150 - 93. What are the prime factors of m?
3, 19
Let z = -67 + 129. List the prime factors of z.
2, 31
Let m = 436 + -198. List the prime factors of m.
2, 7, 17
Let d(z) be the first derivative of 6*z**2 - z + 1. Suppose -3*s - 2*f = s + 6, 0 = -5*s + 2*f + 15. What are the prime factors of d(s)?
11
Let d be 12/(-8)*2/3. Let l = d + 11. Let p(z) = -z**3 + 10*z**2 - z + 13. List the prime factors of p(l).
3
Let t be 2 + 1 + (1 - 2). Suppose 3*c + 64 = 2*d, t*d - 73 = c - 13. List the prime factors of d.
29
Suppose y - 72 = -2*y. Let f = 40 - y. List the prime factors of f.
2
Suppose -4*s = s. Suppose -4*z - 3*y + 2 = -3, s = -y - 5. Suppose -3*k = t - 1 - z, 3*k + 3 = 0. List the prime factors of t.
3
Let n be (-4)/(-10) - 66/(-10). What are the prime factors of (n/14)/(2/140)?
5, 7
Suppose 5 = -m, 3*o = 2*m + m + 18. Let r = -1 + -1. What are the prime factors of (r + o)/((-1)/11)?
11
What are the prime factors of (-1 + 4)/((-6)/(-34))?
17
Let r = 171 + -90. List the prime factors of r.
3
Let o(g) = 2*g**2 - 2*g - 4. Let c be o(-3). Let n = c - 12. What are the prime factors of n?
2
Let p = 241 + -39. What are the prime factors of p?
2, 101
Suppose -z + 101 = 2*x - 0*x, 5*z - 148 = -3*x. List the prime factors of x.
3, 17
Let l = 38 - -120. Suppose -l = -5*r + 4*i, 0*i + 144 = 5*r + 3*i. What are the prime factors of r?
2, 3, 5
Suppose -3*l + 34 = -5*f - 49, 0 = 4*l - 5*f - 109. List the prime factors of l.
2, 13
Let y(v) = 5*v**2 + 5*v - 4. List the prime factors of y(-4).
2, 7
Let i(d) = 62*d + 1. List the prime factors of i(1).
3, 7
Let c(u) = -u**2 + 21*u - 16. List the prime factors of c(13).
2, 11
Suppose -6*k + 5*k + 18 = 0. List the prime factors of k.
2, 3
Let b(d) = d**3 - 6*d**2 - d - 3. Let r be b(6). Let c = r - -15. What are the prime factors of c?
2, 3
Let d(k) be the second derivative of k**3/6 + k**2/2 - 2*k. Let b be d(2). Suppose -b*w + 5*j = -11, 6*j - j + 5 = 0. List the prime factors of w.
2
Let i(g) = 44*g**3 - g + 1. Let s(o) = -o. Let p be s(-1). What are the prime factors of i(p)?
2, 11
Suppose -7*i + 12*i - 20 = 0. Let v = 12 + i. What are the prime factors of v?
2
Suppose 5*p = -0*p + 30. Suppose 2*y = -0*q + q + 2, 3 = y - q. Let v = y + p. List the prime factors of v.
5
Suppose -6*w + 2*w = 24. Let i(o) = o**2 - 2*o - 22. Let u be i(0). Let d = w - u. What are the prime factors of d?
2
Let x(g) = g**2 + g - 1. What are the prime factors of x(2)?
5
Let f(l) = 2*l**3 + 2*l**2 - 2. What are the prime factors of f(2)?
2, 11
Suppose 0*g - 70 = -2*g. What are the prime factors of g?
5, 7
Let w = 7 + 40. What are the prime factors of w?
47
Suppose 3*v - 2 = -2*l, -1 = -3*l - 4*v - 0. List the prime factors of -2 - ((l - -2) + -16).
17
Let c(k) = -k - 2. Let m be c(-5). Suppose 4*t + 4 = m*z, -1 = 2*z - t - 2. Suppose z = -2*x + 30. List the prime factors of x.
3, 5
What are the prime factors of (-10)/3*96/(-20)?
2
Let l(s) be the first derivative of -s**4/4 - s**3/3 + s**2/2 + 10*s + 1. What are the prime factors of l(0)?
2, 5
Let s(f) = -f + 1. Let q = 9 + -13. Let c be s(q). Suppose -4*h + 3*h + 5 = -c*a, -4*a = h - 14. What are the prime factors of h?
2, 5
Let i = -15 + 28. Let m = 27 - i. What are the prime factors of m?
2, 7
Let l = 94 - 56. List the prime factors of l.
2, 19
Suppose 18 + 37 = 5*c. Suppose 4*q - 1 - c = 0. List the prime factors of q.
3
Suppose -11*g = -13*g + 14. Suppose 2*q - 19 = g. What are the prime factors of q?
13
Suppose 5*s - 4*o - 5 = -0*s, 0 = -2*o. Let l = 3 - s. Suppose -l*j + 6*j - 48 = 0. What are the prime factors of j?
2, 3
Suppose 5*c = -m + 124, c - 5*m - 30 = -0. What are the prime factors of c?
5
Suppose -2*d + 7*d + 20 = 0. Let v = d + 6. Suppose 6 = -0*x + v*x. List the prime factors of x.
3
Suppose 0*l = -2*p - l + 9, -3*p = -l - 11. Suppose -h - 9 = -p*h. What are the prime factors of ((-80)/(-15))/(1/h)?
2
Suppose -17 = 2*d + 4*r + r, 4 = -d + 2*r. Let t(f) = f**2 + 3*f - 1. What are the prime factors of t(d)?
17
Suppose -h = 2*h - 120. What are the prime factors of h?
2, 5
Suppose -2*j = 5*a - 173, -5*j + 316 + 102 = -2*a. List the prime factors of j.
2, 3, 7
Let p = -82 - -198. What are the prime factors of p?
2, 29
Let t = 5 - 33. Let h = -20 - t. What are the prime factors of h/28 - (-206)/14?
3, 5
Suppose -4*g - 8 = 2*p, -6*p + 3*